{"id":86,"date":"2016-12-22T16:17:18","date_gmt":"2016-12-22T15:17:18","guid":{"rendered":"https:\/\/www.billy-montigny.fr\/site\/?page_id=86"},"modified":"2025-09-04T10:54:10","modified_gmt":"2025-09-04T08:54:10","slug":"education","status":"publish","type":"page","link":"https:\/\/www.billy-montigny.fr\/site\/vivre-a-billy-montigny\/education\/","title":{"rendered":"Enseignement"},"content":{"rendered":"<h5><strong>\u00c9cole maternelle Louise Michel<\/strong><\/h5>\n<p>Directrice : Mme JARKA<\/p>\n<p>Rue \u00c9tienne Dolet<br \/>\nTel\u00a0: 09.60.37.25.61<\/p>\n<p><img loading=\"lazy\" decoding=\"async\" class=\"aligncenter size-medium wp-image-137\" src=\"https:\/\/www.billy-montigny.fr\/site\/wp-content\/uploads\/2016\/12\/Louise-Michel-300x200.jpg\" alt=\"\" width=\"300\" height=\"200\" srcset=\"https:\/\/www.billy-montigny.fr\/site\/wp-content\/uploads\/2016\/12\/Louise-Michel-300x200.jpg 300w, https:\/\/www.billy-montigny.fr\/site\/wp-content\/uploads\/2016\/12\/Louise-Michel-768x513.jpg 768w, https:\/\/www.billy-montigny.fr\/site\/wp-content\/uploads\/2016\/12\/Louise-Michel-1024x683.jpg 1024w, https:\/\/www.billy-montigny.fr\/site\/wp-content\/uploads\/2016\/12\/Louise-Michel-896x598.jpg 896w, https:\/\/www.billy-montigny.fr\/site\/wp-content\/uploads\/2016\/12\/Louise-Michel-1170x781.jpg 1170w, https:\/\/www.billy-montigny.fr\/site\/wp-content\/uploads\/2016\/12\/Louise-Michel-240x160.jpg 240w\" sizes=\"auto, (max-width: 300px) 100vw, 300px\" \/><\/p>\n<h5><strong>\u00c9cole Suzanne Lanoy<\/strong><\/h5>\n<p>Directrice : Mme CAMBIEN<\/p>\n<p>Rue Lucie Aubrac<br \/>\nTel : 09.65.20.16.82<\/p>\n<p><img loading=\"lazy\" decoding=\"async\" class=\"aligncenter size-medium wp-image-138\" src=\"https:\/\/www.billy-montigny.fr\/site\/wp-content\/uploads\/2016\/12\/Lanoy-300x200.jpg\" alt=\"\" width=\"300\" height=\"200\" srcset=\"https:\/\/www.billy-montigny.fr\/site\/wp-content\/uploads\/2016\/12\/Lanoy-300x200.jpg 300w, https:\/\/www.billy-montigny.fr\/site\/wp-content\/uploads\/2016\/12\/Lanoy-768x513.jpg 768w, https:\/\/www.billy-montigny.fr\/site\/wp-content\/uploads\/2016\/12\/Lanoy-1024x684.jpg 1024w, https:\/\/www.billy-montigny.fr\/site\/wp-content\/uploads\/2016\/12\/Lanoy-896x598.jpg 896w, https:\/\/www.billy-montigny.fr\/site\/wp-content\/uploads\/2016\/12\/Lanoy-1170x781.jpg 1170w, https:\/\/www.billy-montigny.fr\/site\/wp-content\/uploads\/2016\/12\/Lanoy-240x160.jpg 240w\" sizes=\"auto, (max-width: 300px) 100vw, 300px\" \/><\/p>\n<h5><strong>Groupe scolaire Voltaire-S\u00e9vign\u00e9<\/strong><\/h5>\n<p>Directrice : Mme JAKOBOWSKI<\/p>\n<p>Rue S\u00e9raphin Cordier<br \/>\nTel\u00a0: 09.60.41.46.90<\/p>\n<p><img loading=\"lazy\" decoding=\"async\" class=\"aligncenter size-medium wp-image-789\" src=\"https:\/\/www.billy-montigny.fr\/site\/wp-content\/uploads\/2018\/01\/IMG_4997-300x200.jpg\" alt=\"\" width=\"300\" height=\"200\" srcset=\"https:\/\/www.billy-montigny.fr\/site\/wp-content\/uploads\/2018\/01\/IMG_4997-300x200.jpg 300w, https:\/\/www.billy-montigny.fr\/site\/wp-content\/uploads\/2018\/01\/IMG_4997-768x512.jpg 768w, https:\/\/www.billy-montigny.fr\/site\/wp-content\/uploads\/2018\/01\/IMG_4997-1024x683.jpg 1024w, https:\/\/www.billy-montigny.fr\/site\/wp-content\/uploads\/2018\/01\/IMG_4997-400x267.jpg 400w, https:\/\/www.billy-montigny.fr\/site\/wp-content\/uploads\/2018\/01\/IMG_4997-1170x780.jpg 1170w, https:\/\/www.billy-montigny.fr\/site\/wp-content\/uploads\/2018\/01\/IMG_4997-380x253.jpg 380w, https:\/\/www.billy-montigny.fr\/site\/wp-content\/uploads\/2018\/01\/IMG_4997-110x73.jpg 110w\" sizes=\"auto, (max-width: 300px) 100vw, 300px\" \/><\/p>\n<p>&nbsp;<\/p>\n<h5><strong>\u00c9cole \u00e9l\u00e9mentaire Robert Doisneau<\/strong><\/h5>\n<p>Directrice : Mme MAILLARD<\/p>\n<p>Rue Roger Salengro<br \/>\nTel : 09.65.20.15.61<\/p>\n<p><img loading=\"lazy\" decoding=\"async\" class=\"aligncenter wp-image-533 size-medium\" src=\"https:\/\/www.billy-montigny.fr\/site\/wp-content\/uploads\/2017\/11\/DSC1636-300x200.jpg\" alt=\"\" width=\"300\" height=\"200\" srcset=\"https:\/\/www.billy-montigny.fr\/site\/wp-content\/uploads\/2017\/11\/DSC1636-300x200.jpg 300w, https:\/\/www.billy-montigny.fr\/site\/wp-content\/uploads\/2017\/11\/DSC1636-768x512.jpg 768w, https:\/\/www.billy-montigny.fr\/site\/wp-content\/uploads\/2017\/11\/DSC1636-1024x683.jpg 1024w, https:\/\/www.billy-montigny.fr\/site\/wp-content\/uploads\/2017\/11\/DSC1636-896x598.jpg 896w, https:\/\/www.billy-montigny.fr\/site\/wp-content\/uploads\/2017\/11\/DSC1636-1170x781.jpg 1170w, https:\/\/www.billy-montigny.fr\/site\/wp-content\/uploads\/2017\/11\/DSC1636-320x214.jpg 320w, https:\/\/www.billy-montigny.fr\/site\/wp-content\/uploads\/2017\/11\/DSC1636-150x100.jpg 150w, https:\/\/www.billy-montigny.fr\/site\/wp-content\/uploads\/2017\/11\/DSC1636-272x182.jpg 272w\" sizes=\"auto, (max-width: 300px) 100vw, 300px\" \/><\/p>\n<h3 class=\"spip\"><\/h3>\n<h5><strong>Coll\u00e8ge David Marcelle<\/strong><\/h5>\n<p>Principal : M. CHOPINEAUX<\/p>\n<p>5 rue du Coll\u00e8ge<br \/>\nTel\u00a0: 03.21.20.28.86<br \/>\nFax\u00a0: 03.21.76.40.57<br \/>\n<a class=\"spip_mail\" href=\"mailto:ce.0622793Z@ac-lille.fr\">ce.0622793Z@ac-lille.fr<\/a><\/p>\n<p><a href=\"https:\/\/david-marcelle-billy-montigny.enthdf.fr\" target=\"_blank\" rel=\"noopener noreferrer\">https:\/\/david-marcelle-billy-montigny.enthdf.fr<\/a><\/p>\n<p><img loading=\"lazy\" decoding=\"async\" class=\"size-medium wp-image-534 aligncenter\" src=\"https:\/\/www.billy-montigny.fr\/site\/wp-content\/uploads\/2017\/11\/DSC1640-300x200.jpg\" alt=\"\" width=\"300\" height=\"200\" srcset=\"https:\/\/www.billy-montigny.fr\/site\/wp-content\/uploads\/2017\/11\/DSC1640-300x200.jpg 300w, https:\/\/www.billy-montigny.fr\/site\/wp-content\/uploads\/2017\/11\/DSC1640-768x512.jpg 768w, https:\/\/www.billy-montigny.fr\/site\/wp-content\/uploads\/2017\/11\/DSC1640-1024x683.jpg 1024w, https:\/\/www.billy-montigny.fr\/site\/wp-content\/uploads\/2017\/11\/DSC1640-896x598.jpg 896w, https:\/\/www.billy-montigny.fr\/site\/wp-content\/uploads\/2017\/11\/DSC1640-1170x781.jpg 1170w, https:\/\/www.billy-montigny.fr\/site\/wp-content\/uploads\/2017\/11\/DSC1640-320x214.jpg 320w, https:\/\/www.billy-montigny.fr\/site\/wp-content\/uploads\/2017\/11\/DSC1640-150x100.jpg 150w, https:\/\/www.billy-montigny.fr\/site\/wp-content\/uploads\/2017\/11\/DSC1640-272x182.jpg 272w\" sizes=\"auto, (max-width: 300px) 100vw, 300px\" \/><\/p>\n<p>&nbsp;<\/p>\n<p>&nbsp;<\/p>\n","protected":false},"excerpt":{"rendered":"<p>\u00c9cole maternelle Louise Michel Directrice : Mme JARKA Rue \u00c9tienne Dolet Tel\u00a0: 09.60.37.25.61 \u00c9cole Suzanne Lanoy Directrice : Mme CAMBIEN Rue Lucie Aubrac Tel : 09.65.20.16.82 Groupe scolaire Voltaire-S\u00e9vign\u00e9 Directrice : Mme JAKOBOWSKI Rue S\u00e9raphin Cordier Tel\u00a0: 09.60.41.46.90 &nbsp; \u00c9cole \u00e9l\u00e9mentaire Robert Doisneau Directrice : Mme MAILLARD Rue Roger Salengro Tel : 09.65.20.15.61 Coll\u00e8ge David [&hellip;]<\/p>\n","protected":false},"author":3,"featured_media":0,"parent":82,"menu_order":0,"comment_status":"closed","ping_status":"closed","template":"","meta":{"footnotes":""},"class_list":["post-86","page","type-page","status-publish","hentry"],"publishpress_future_action":{"enabled":false,"date":"2026-04-23 04:20:01","action":"change-status","newStatus":"draft","terms":[],"taxonomy":"","extraData":[]},"publishpress_future_workflow_manual_trigger":{"enabledWorkflows":[]},"_links":{"self":[{"href":"https:\/\/www.billy-montigny.fr\/site\/wp-json\/wp\/v2\/pages\/86","targetHints":{"allow":["GET"]}}],"collection":[{"href":"https:\/\/www.billy-montigny.fr\/site\/wp-json\/wp\/v2\/pages"}],"about":[{"href":"https:\/\/www.billy-montigny.fr\/site\/wp-json\/wp\/v2\/types\/page"}],"author":[{"embeddable":true,"href":"https:\/\/www.billy-montigny.fr\/site\/wp-json\/wp\/v2\/users\/3"}],"replies":[{"embeddable":true,"href":"https:\/\/www.billy-montigny.fr\/site\/wp-json\/wp\/v2\/comments?post=86"}],"version-history":[{"count":20,"href":"https:\/\/www.billy-montigny.fr\/site\/wp-json\/wp\/v2\/pages\/86\/revisions"}],"predecessor-version":[{"id":5662,"href":"https:\/\/www.billy-montigny.fr\/site\/wp-json\/wp\/v2\/pages\/86\/revisions\/5662"}],"up":[{"embeddable":true,"href":"https:\/\/www.billy-montigny.fr\/site\/wp-json\/wp\/v2\/pages\/82"}],"wp:attachment":[{"href":"https:\/\/www.billy-montigny.fr\/site\/wp-json\/wp\/v2\/media?parent=86"}],"curies":[{"name":"wp","href":"https:\/\/api.w.org\/{rel}","templated":true}]}}