{"id":842,"date":"2018-02-02T11:09:30","date_gmt":"2018-02-02T10:09:30","guid":{"rendered":"https:\/\/www.billy-montigny.fr\/site\/?page_id=842"},"modified":"2026-04-28T15:33:20","modified_gmt":"2026-04-28T13:33:20","slug":"candidature-animateurs","status":"publish","type":"page","link":"https:\/\/www.billy-montigny.fr\/site\/candidature-animateurs\/","title":{"rendered":"Dossier de candidature animateurs"},"content":{"rendered":"<h5><strong>Dossier de candidature animateurs<\/strong><\/h5>\n<h6>Le document ci-dessous est \u00e0 t\u00e9l\u00e9charger, imprimer et remettre rempli en Mairie, rue Jean Jaur\u00e8s 62420 Billy-Montigny.<\/h6>\n<p style=\"text-align: center;\"><a href=\"https:\/\/www.billy-montigny.fr\/site\/wp-content\/uploads\/2026\/04\/Dossier-de-candidature-centres-25-26.pdf\">Dossier de candidature<\/a><\/p>\n","protected":false},"excerpt":{"rendered":"<p>Dossier de candidature animateurs Le document ci-dessous est \u00e0 t\u00e9l\u00e9charger, imprimer et remettre rempli en Mairie, rue Jean Jaur\u00e8s 62420 Billy-Montigny. Dossier de candidature<\/p>\n","protected":false},"author":3,"featured_media":0,"parent":0,"menu_order":0,"comment_status":"closed","ping_status":"closed","template":"","meta":{"footnotes":""},"class_list":["post-842","page","type-page","status-publish","hentry"],"publishpress_future_action":{"enabled":false,"date":"2026-05-07 01:00:44","action":"change-status","newStatus":"draft","terms":[],"taxonomy":"","extraData":[]},"publishpress_future_workflow_manual_trigger":{"enabledWorkflows":[]},"_links":{"self":[{"href":"https:\/\/www.billy-montigny.fr\/site\/wp-json\/wp\/v2\/pages\/842","targetHints":{"allow":["GET"]}}],"collection":[{"href":"https:\/\/www.billy-montigny.fr\/site\/wp-json\/wp\/v2\/pages"}],"about":[{"href":"https:\/\/www.billy-montigny.fr\/site\/wp-json\/wp\/v2\/types\/page"}],"author":[{"embeddable":true,"href":"https:\/\/www.billy-montigny.fr\/site\/wp-json\/wp\/v2\/users\/3"}],"replies":[{"embeddable":true,"href":"https:\/\/www.billy-montigny.fr\/site\/wp-json\/wp\/v2\/comments?post=842"}],"version-history":[{"count":17,"href":"https:\/\/www.billy-montigny.fr\/site\/wp-json\/wp\/v2\/pages\/842\/revisions"}],"predecessor-version":[{"id":6243,"href":"https:\/\/www.billy-montigny.fr\/site\/wp-json\/wp\/v2\/pages\/842\/revisions\/6243"}],"wp:attachment":[{"href":"https:\/\/www.billy-montigny.fr\/site\/wp-json\/wp\/v2\/media?parent=842"}],"curies":[{"name":"wp","href":"https:\/\/api.w.org\/{rel}","templated":true}]}}