{"id":5933,"date":"2026-01-29T16:50:36","date_gmt":"2026-01-29T15:50:36","guid":{"rendered":"https:\/\/www.billy-montigny.fr\/site\/?page_id=5933"},"modified":"2026-01-29T16:50:36","modified_gmt":"2026-01-29T15:50:36","slug":"demande-de-transfert-dautorisation-durbanisme","status":"publish","type":"page","link":"https:\/\/www.billy-montigny.fr\/site\/demande-de-transfert-dautorisation-durbanisme\/","title":{"rendered":"Demande de transfert d&rsquo;autorisation d&rsquo;urbanisme"},"content":{"rendered":"<p>Le document ci-dessous est \u00e0 t\u00e9l\u00e9charger, imprimer, et remettre d\u00fbment rempli au service urbanisme de la mairie :<\/p>\n<p style=\"text-align: center;\"><a href=\"Le document ci-dessous est \u00e0 t\u00e9l\u00e9charger, imprimer, et remettre d\u00fbment rempli au service urbanisme de la mairie :\" target=\"_blank\" rel=\"noopener\"><img loading=\"lazy\" decoding=\"async\" class=\"aligncenter wp-image-5934\" src=\"https:\/\/www.billy-montigny.fr\/site\/wp-content\/uploads\/2026\/01\/Transfert-autorisation-urbanisme-cerfa-16701-02-212x300.jpg\" alt=\"\" width=\"156\" height=\"221\" srcset=\"https:\/\/www.billy-montigny.fr\/site\/wp-content\/uploads\/2026\/01\/Transfert-autorisation-urbanisme-cerfa-16701-02-212x300.jpg 212w, https:\/\/www.billy-montigny.fr\/site\/wp-content\/uploads\/2026\/01\/Transfert-autorisation-urbanisme-cerfa-16701-02-724x1024.jpg 724w, https:\/\/www.billy-montigny.fr\/site\/wp-content\/uploads\/2026\/01\/Transfert-autorisation-urbanisme-cerfa-16701-02-768x1086.jpg 768w, https:\/\/www.billy-montigny.fr\/site\/wp-content\/uploads\/2026\/01\/Transfert-autorisation-urbanisme-cerfa-16701-02-1086x1536.jpg 1086w, https:\/\/www.billy-montigny.fr\/site\/wp-content\/uploads\/2026\/01\/Transfert-autorisation-urbanisme-cerfa-16701-02-283x400.jpg 283w, https:\/\/www.billy-montigny.fr\/site\/wp-content\/uploads\/2026\/01\/Transfert-autorisation-urbanisme-cerfa-16701-02-1170x1655.jpg 1170w, https:\/\/www.billy-montigny.fr\/site\/wp-content\/uploads\/2026\/01\/Transfert-autorisation-urbanisme-cerfa-16701-02-380x538.jpg 380w, https:\/\/www.billy-montigny.fr\/site\/wp-content\/uploads\/2026\/01\/Transfert-autorisation-urbanisme-cerfa-16701-02-78x110.jpg 78w, https:\/\/www.billy-montigny.fr\/site\/wp-content\/uploads\/2026\/01\/Transfert-autorisation-urbanisme-cerfa-16701-02.jpg 1240w\" sizes=\"auto, (max-width: 156px) 100vw, 156px\" \/><\/a><\/p>\n","protected":false},"excerpt":{"rendered":"<p>Le document ci-dessous est \u00e0 t\u00e9l\u00e9charger, imprimer, et remettre d\u00fbment rempli au service urbanisme de la mairie :<\/p>\n","protected":false},"author":3,"featured_media":0,"parent":0,"menu_order":0,"comment_status":"closed","ping_status":"closed","template":"","meta":{"footnotes":""},"class_list":["post-5933","page","type-page","status-publish","hentry"],"publishpress_future_action":{"enabled":false,"date":"2026-05-12 18:43:53","action":"change-status","newStatus":"draft","terms":[],"taxonomy":"","extraData":[]},"publishpress_future_workflow_manual_trigger":{"enabledWorkflows":[]},"_links":{"self":[{"href":"https:\/\/www.billy-montigny.fr\/site\/wp-json\/wp\/v2\/pages\/5933","targetHints":{"allow":["GET"]}}],"collection":[{"href":"https:\/\/www.billy-montigny.fr\/site\/wp-json\/wp\/v2\/pages"}],"about":[{"href":"https:\/\/www.billy-montigny.fr\/site\/wp-json\/wp\/v2\/types\/page"}],"author":[{"embeddable":true,"href":"https:\/\/www.billy-montigny.fr\/site\/wp-json\/wp\/v2\/users\/3"}],"replies":[{"embeddable":true,"href":"https:\/\/www.billy-montigny.fr\/site\/wp-json\/wp\/v2\/comments?post=5933"}],"version-history":[{"count":1,"href":"https:\/\/www.billy-montigny.fr\/site\/wp-json\/wp\/v2\/pages\/5933\/revisions"}],"predecessor-version":[{"id":5935,"href":"https:\/\/www.billy-montigny.fr\/site\/wp-json\/wp\/v2\/pages\/5933\/revisions\/5935"}],"wp:attachment":[{"href":"https:\/\/www.billy-montigny.fr\/site\/wp-json\/wp\/v2\/media?parent=5933"}],"curies":[{"name":"wp","href":"https:\/\/api.w.org\/{rel}","templated":true}]}}