{"id":3695,"date":"2022-04-13T08:30:24","date_gmt":"2022-04-13T06:30:24","guid":{"rendered":"https:\/\/www.billy-montigny.fr\/site\/?page_id=3695"},"modified":"2022-04-15T11:31:29","modified_gmt":"2022-04-15T09:31:29","slug":"modification-simplifiee-du-plu","status":"publish","type":"page","link":"https:\/\/www.billy-montigny.fr\/site\/modification-simplifiee-du-plu\/","title":{"rendered":"Modification simplifi\u00e9e du PLU"},"content":{"rendered":"<h6>Retrouver ci-dessous les documents relatifs \u00e0 la modification simplifi\u00e9e du Plan Local d&rsquo;Urbanisme.<\/h6>\n<p>&nbsp;<\/p>\n<figure id=\"attachment_3707\" aria-describedby=\"caption-attachment-3707\" style=\"width: 155px\" class=\"wp-caption aligncenter\"><a href=\"https:\/\/www.billy-montigny.fr\/site\/wp-content\/uploads\/2022\/04\/0.-Arrete-PLU-05.21.pdf\" target=\"_blank\" rel=\"noopener\"><img loading=\"lazy\" decoding=\"async\" class=\"wp-image-3707\" src=\"https:\/\/www.billy-montigny.fr\/site\/wp-content\/uploads\/2022\/04\/0.-Arrete-PLU-05.21-212x300.jpg\" alt=\"\" width=\"155\" height=\"219\" srcset=\"https:\/\/www.billy-montigny.fr\/site\/wp-content\/uploads\/2022\/04\/0.-Arrete-PLU-05.21-212x300.jpg 212w, https:\/\/www.billy-montigny.fr\/site\/wp-content\/uploads\/2022\/04\/0.-Arrete-PLU-05.21-724x1024.jpg 724w, https:\/\/www.billy-montigny.fr\/site\/wp-content\/uploads\/2022\/04\/0.-Arrete-PLU-05.21-768x1086.jpg 768w, https:\/\/www.billy-montigny.fr\/site\/wp-content\/uploads\/2022\/04\/0.-Arrete-PLU-05.21-1086x1536.jpg 1086w, https:\/\/www.billy-montigny.fr\/site\/wp-content\/uploads\/2022\/04\/0.-Arrete-PLU-05.21-283x400.jpg 283w, https:\/\/www.billy-montigny.fr\/site\/wp-content\/uploads\/2022\/04\/0.-Arrete-PLU-05.21-1170x1655.jpg 1170w, https:\/\/www.billy-montigny.fr\/site\/wp-content\/uploads\/2022\/04\/0.-Arrete-PLU-05.21-380x538.jpg 380w, https:\/\/www.billy-montigny.fr\/site\/wp-content\/uploads\/2022\/04\/0.-Arrete-PLU-05.21-78x110.jpg 78w, https:\/\/www.billy-montigny.fr\/site\/wp-content\/uploads\/2022\/04\/0.-Arrete-PLU-05.21.jpg 1240w\" sizes=\"auto, (max-width: 155px) 100vw, 155px\" \/><\/a><figcaption id=\"caption-attachment-3707\" class=\"wp-caption-text\">0. Arr\u00eat\u00e9 PLU 05.21<\/figcaption><\/figure>\n<figure id=\"attachment_3708\" aria-describedby=\"caption-attachment-3708\" style=\"width: 155px\" class=\"wp-caption aligncenter\"><a href=\"https:\/\/www.billy-montigny.fr\/site\/wp-content\/uploads\/2022\/04\/1.-Notice-explicative-MS-Billy.pdf\" target=\"_blank\" rel=\"noopener\"><img loading=\"lazy\" decoding=\"async\" class=\"wp-image-3708\" src=\"https:\/\/www.billy-montigny.fr\/site\/wp-content\/uploads\/2022\/04\/1.-Notice-explicative-MS-Billy-212x300.jpg\" alt=\"\" width=\"155\" height=\"219\" srcset=\"https:\/\/www.billy-montigny.fr\/site\/wp-content\/uploads\/2022\/04\/1.-Notice-explicative-MS-Billy-212x300.jpg 212w, https:\/\/www.billy-montigny.fr\/site\/wp-content\/uploads\/2022\/04\/1.-Notice-explicative-MS-Billy-724x1024.jpg 724w, https:\/\/www.billy-montigny.fr\/site\/wp-content\/uploads\/2022\/04\/1.-Notice-explicative-MS-Billy-768x1086.jpg 768w, https:\/\/www.billy-montigny.fr\/site\/wp-content\/uploads\/2022\/04\/1.-Notice-explicative-MS-Billy-1086x1536.jpg 1086w, https:\/\/www.billy-montigny.fr\/site\/wp-content\/uploads\/2022\/04\/1.-Notice-explicative-MS-Billy-283x400.jpg 283w, https:\/\/www.billy-montigny.fr\/site\/wp-content\/uploads\/2022\/04\/1.-Notice-explicative-MS-Billy-1170x1655.jpg 1170w, https:\/\/www.billy-montigny.fr\/site\/wp-content\/uploads\/2022\/04\/1.-Notice-explicative-MS-Billy-380x538.jpg 380w, https:\/\/www.billy-montigny.fr\/site\/wp-content\/uploads\/2022\/04\/1.-Notice-explicative-MS-Billy-78x110.jpg 78w, https:\/\/www.billy-montigny.fr\/site\/wp-content\/uploads\/2022\/04\/1.-Notice-explicative-MS-Billy.jpg 1240w\" sizes=\"auto, (max-width: 155px) 100vw, 155px\" \/><\/a><figcaption id=\"caption-attachment-3708\" class=\"wp-caption-text\">1. Notice explicative MS<\/figcaption><\/figure>\n<figure id=\"attachment_3709\" aria-describedby=\"caption-attachment-3709\" style=\"width: 155px\" class=\"wp-caption aligncenter\"><a href=\"https:\/\/www.billy-montigny.fr\/site\/wp-content\/uploads\/2022\/04\/2.1.-Formulaire-cas-par-cas-MS-Billy.pdf\" target=\"_blank\" rel=\"noopener\"><img loading=\"lazy\" decoding=\"async\" class=\"wp-image-3709\" src=\"https:\/\/www.billy-montigny.fr\/site\/wp-content\/uploads\/2022\/04\/2.1.-Formulaire-cas-par-cas-MS-Billy-212x300.jpg\" alt=\"\" width=\"155\" height=\"219\" srcset=\"https:\/\/www.billy-montigny.fr\/site\/wp-content\/uploads\/2022\/04\/2.1.-Formulaire-cas-par-cas-MS-Billy-212x300.jpg 212w, https:\/\/www.billy-montigny.fr\/site\/wp-content\/uploads\/2022\/04\/2.1.-Formulaire-cas-par-cas-MS-Billy-724x1024.jpg 724w, https:\/\/www.billy-montigny.fr\/site\/wp-content\/uploads\/2022\/04\/2.1.-Formulaire-cas-par-cas-MS-Billy-768x1086.jpg 768w, https:\/\/www.billy-montigny.fr\/site\/wp-content\/uploads\/2022\/04\/2.1.-Formulaire-cas-par-cas-MS-Billy-1086x1536.jpg 1086w, https:\/\/www.billy-montigny.fr\/site\/wp-content\/uploads\/2022\/04\/2.1.-Formulaire-cas-par-cas-MS-Billy-283x400.jpg 283w, https:\/\/www.billy-montigny.fr\/site\/wp-content\/uploads\/2022\/04\/2.1.-Formulaire-cas-par-cas-MS-Billy-1170x1655.jpg 1170w, https:\/\/www.billy-montigny.fr\/site\/wp-content\/uploads\/2022\/04\/2.1.-Formulaire-cas-par-cas-MS-Billy-380x538.jpg 380w, https:\/\/www.billy-montigny.fr\/site\/wp-content\/uploads\/2022\/04\/2.1.-Formulaire-cas-par-cas-MS-Billy-78x110.jpg 78w, https:\/\/www.billy-montigny.fr\/site\/wp-content\/uploads\/2022\/04\/2.1.-Formulaire-cas-par-cas-MS-Billy.jpg 1240w\" sizes=\"auto, (max-width: 155px) 100vw, 155px\" \/><\/a><figcaption id=\"caption-attachment-3709\" class=\"wp-caption-text\">2.1. Formulaire cas par cas MS Billy<\/figcaption><\/figure>\n<figure id=\"attachment_3706\" aria-describedby=\"caption-attachment-3706\" style=\"width: 155px\" class=\"wp-caption aligncenter\"><a href=\"https:\/\/www.billy-montigny.fr\/site\/wp-content\/uploads\/2022\/04\/2.2.-Retour-demande-complements.pdf\" target=\"_blank\" rel=\"noopener\"><img loading=\"lazy\" decoding=\"async\" class=\"wp-image-3706\" src=\"https:\/\/www.billy-montigny.fr\/site\/wp-content\/uploads\/2022\/04\/Le-Prefet-212x300.jpg\" alt=\"\" width=\"155\" height=\"219\" srcset=\"https:\/\/www.billy-montigny.fr\/site\/wp-content\/uploads\/2022\/04\/Le-Prefet-212x300.jpg 212w, https:\/\/www.billy-montigny.fr\/site\/wp-content\/uploads\/2022\/04\/Le-Prefet-724x1024.jpg 724w, https:\/\/www.billy-montigny.fr\/site\/wp-content\/uploads\/2022\/04\/Le-Prefet-768x1086.jpg 768w, https:\/\/www.billy-montigny.fr\/site\/wp-content\/uploads\/2022\/04\/Le-Prefet-1086x1536.jpg 1086w, https:\/\/www.billy-montigny.fr\/site\/wp-content\/uploads\/2022\/04\/Le-Prefet-283x400.jpg 283w, https:\/\/www.billy-montigny.fr\/site\/wp-content\/uploads\/2022\/04\/Le-Prefet-1170x1655.jpg 1170w, https:\/\/www.billy-montigny.fr\/site\/wp-content\/uploads\/2022\/04\/Le-Prefet-380x538.jpg 380w, https:\/\/www.billy-montigny.fr\/site\/wp-content\/uploads\/2022\/04\/Le-Prefet-78x110.jpg 78w, https:\/\/www.billy-montigny.fr\/site\/wp-content\/uploads\/2022\/04\/Le-Prefet.jpg 1240w\" sizes=\"auto, (max-width: 155px) 100vw, 155px\" \/><\/a><figcaption id=\"caption-attachment-3706\" class=\"wp-caption-text\">2.2. Retour demande compl\u00e9ments<\/figcaption><\/figure>\n<figure id=\"attachment_3710\" aria-describedby=\"caption-attachment-3710\" style=\"width: 155px\" class=\"wp-caption aligncenter\"><a href=\"https:\/\/www.billy-montigny.fr\/site\/wp-content\/uploads\/2022\/04\/2.3.-Reponse-au-courrier-de-la-DREAL.pdf\" target=\"_blank\" rel=\"noopener\"><img loading=\"lazy\" decoding=\"async\" class=\"wp-image-3710\" src=\"https:\/\/www.billy-montigny.fr\/site\/wp-content\/uploads\/2022\/04\/2.3.-Reponse-au-courrier-de-la-DREAL-212x300.jpg\" alt=\"\" width=\"155\" height=\"219\" srcset=\"https:\/\/www.billy-montigny.fr\/site\/wp-content\/uploads\/2022\/04\/2.3.-Reponse-au-courrier-de-la-DREAL-212x300.jpg 212w, https:\/\/www.billy-montigny.fr\/site\/wp-content\/uploads\/2022\/04\/2.3.-Reponse-au-courrier-de-la-DREAL-724x1024.jpg 724w, https:\/\/www.billy-montigny.fr\/site\/wp-content\/uploads\/2022\/04\/2.3.-Reponse-au-courrier-de-la-DREAL-768x1086.jpg 768w, https:\/\/www.billy-montigny.fr\/site\/wp-content\/uploads\/2022\/04\/2.3.-Reponse-au-courrier-de-la-DREAL-1086x1536.jpg 1086w, https:\/\/www.billy-montigny.fr\/site\/wp-content\/uploads\/2022\/04\/2.3.-Reponse-au-courrier-de-la-DREAL-283x400.jpg 283w, https:\/\/www.billy-montigny.fr\/site\/wp-content\/uploads\/2022\/04\/2.3.-Reponse-au-courrier-de-la-DREAL-1170x1655.jpg 1170w, https:\/\/www.billy-montigny.fr\/site\/wp-content\/uploads\/2022\/04\/2.3.-Reponse-au-courrier-de-la-DREAL-380x538.jpg 380w, https:\/\/www.billy-montigny.fr\/site\/wp-content\/uploads\/2022\/04\/2.3.-Reponse-au-courrier-de-la-DREAL-78x110.jpg 78w, https:\/\/www.billy-montigny.fr\/site\/wp-content\/uploads\/2022\/04\/2.3.-Reponse-au-courrier-de-la-DREAL.jpg 1240w\" sizes=\"auto, (max-width: 155px) 100vw, 155px\" \/><\/a><figcaption id=\"caption-attachment-3710\" class=\"wp-caption-text\">2.3. R\u00e9ponse au courrier de la DREAL<\/figcaption><\/figure>\n<figure id=\"attachment_3711\" aria-describedby=\"caption-attachment-3711\" style=\"width: 155px\" class=\"wp-caption aligncenter\"><a href=\"https:\/\/www.billy-montigny.fr\/site\/wp-content\/uploads\/2022\/04\/2.4.-Reponse-au-courrier-DREAL-Annexe-etude-zones-humides.pdf\" target=\"_blank\" rel=\"noopener\"><img loading=\"lazy\" decoding=\"async\" class=\"wp-image-3711\" src=\"https:\/\/www.billy-montigny.fr\/site\/wp-content\/uploads\/2022\/04\/2.4.-Reponse-au-courrier-DREAL-Annexe-etude-zones-humides-212x300.jpg\" alt=\"\" width=\"155\" height=\"219\" srcset=\"https:\/\/www.billy-montigny.fr\/site\/wp-content\/uploads\/2022\/04\/2.4.-Reponse-au-courrier-DREAL-Annexe-etude-zones-humides-212x300.jpg 212w, https:\/\/www.billy-montigny.fr\/site\/wp-content\/uploads\/2022\/04\/2.4.-Reponse-au-courrier-DREAL-Annexe-etude-zones-humides-724x1024.jpg 724w, https:\/\/www.billy-montigny.fr\/site\/wp-content\/uploads\/2022\/04\/2.4.-Reponse-au-courrier-DREAL-Annexe-etude-zones-humides-768x1086.jpg 768w, https:\/\/www.billy-montigny.fr\/site\/wp-content\/uploads\/2022\/04\/2.4.-Reponse-au-courrier-DREAL-Annexe-etude-zones-humides-1086x1536.jpg 1086w, https:\/\/www.billy-montigny.fr\/site\/wp-content\/uploads\/2022\/04\/2.4.-Reponse-au-courrier-DREAL-Annexe-etude-zones-humides-283x400.jpg 283w, https:\/\/www.billy-montigny.fr\/site\/wp-content\/uploads\/2022\/04\/2.4.-Reponse-au-courrier-DREAL-Annexe-etude-zones-humides-1170x1655.jpg 1170w, https:\/\/www.billy-montigny.fr\/site\/wp-content\/uploads\/2022\/04\/2.4.-Reponse-au-courrier-DREAL-Annexe-etude-zones-humides-380x538.jpg 380w, https:\/\/www.billy-montigny.fr\/site\/wp-content\/uploads\/2022\/04\/2.4.-Reponse-au-courrier-DREAL-Annexe-etude-zones-humides-78x110.jpg 78w, https:\/\/www.billy-montigny.fr\/site\/wp-content\/uploads\/2022\/04\/2.4.-Reponse-au-courrier-DREAL-Annexe-etude-zones-humides.jpg 1240w\" sizes=\"auto, (max-width: 155px) 100vw, 155px\" \/><\/a><figcaption id=\"caption-attachment-3711\" class=\"wp-caption-text\">2.4. R\u00e9ponse au courrier DREAL &#8211; Annexe \u00e9tude zones humides<\/figcaption><\/figure>\n<figure id=\"attachment_3712\" aria-describedby=\"caption-attachment-3712\" style=\"width: 155px\" class=\"wp-caption aligncenter\"><a href=\"https:\/\/www.billy-montigny.fr\/site\/wp-content\/uploads\/2022\/04\/2.5.-Decision-apres-examen-cas-par-cas.pdf\" target=\"_blank\" rel=\"noopener\"><img loading=\"lazy\" decoding=\"async\" class=\"wp-image-3712\" src=\"https:\/\/www.billy-montigny.fr\/site\/wp-content\/uploads\/2022\/04\/2.5.-Decision-apres-examen-cas-par-cas-212x300.jpg\" alt=\"\" width=\"155\" height=\"219\" srcset=\"https:\/\/www.billy-montigny.fr\/site\/wp-content\/uploads\/2022\/04\/2.5.-Decision-apres-examen-cas-par-cas-212x300.jpg 212w, https:\/\/www.billy-montigny.fr\/site\/wp-content\/uploads\/2022\/04\/2.5.-Decision-apres-examen-cas-par-cas-724x1024.jpg 724w, https:\/\/www.billy-montigny.fr\/site\/wp-content\/uploads\/2022\/04\/2.5.-Decision-apres-examen-cas-par-cas-768x1086.jpg 768w, https:\/\/www.billy-montigny.fr\/site\/wp-content\/uploads\/2022\/04\/2.5.-Decision-apres-examen-cas-par-cas-1086x1536.jpg 1086w, https:\/\/www.billy-montigny.fr\/site\/wp-content\/uploads\/2022\/04\/2.5.-Decision-apres-examen-cas-par-cas-283x400.jpg 283w, https:\/\/www.billy-montigny.fr\/site\/wp-content\/uploads\/2022\/04\/2.5.-Decision-apres-examen-cas-par-cas-1170x1655.jpg 1170w, https:\/\/www.billy-montigny.fr\/site\/wp-content\/uploads\/2022\/04\/2.5.-Decision-apres-examen-cas-par-cas-380x538.jpg 380w, https:\/\/www.billy-montigny.fr\/site\/wp-content\/uploads\/2022\/04\/2.5.-Decision-apres-examen-cas-par-cas-78x110.jpg 78w, https:\/\/www.billy-montigny.fr\/site\/wp-content\/uploads\/2022\/04\/2.5.-Decision-apres-examen-cas-par-cas.jpg 1240w\" sizes=\"auto, (max-width: 155px) 100vw, 155px\" \/><\/a><figcaption id=\"caption-attachment-3712\" class=\"wp-caption-text\">2.5. D\u00e9cision apr\u00e8s examen cas par cas<\/figcaption><\/figure>\n<figure id=\"attachment_3713\" aria-describedby=\"caption-attachment-3713\" style=\"width: 155px\" class=\"wp-caption aligncenter\"><a href=\"https:\/\/www.billy-montigny.fr\/site\/wp-content\/uploads\/2022\/04\/2.6-Avis-Chambre-dAgriculture.pdf\" target=\"_blank\" rel=\"noopener\"><img loading=\"lazy\" decoding=\"async\" class=\"wp-image-3713\" src=\"https:\/\/www.billy-montigny.fr\/site\/wp-content\/uploads\/2022\/04\/2.6-Avis-Chambre-dAgriculture-212x300.jpg\" alt=\"\" width=\"155\" height=\"219\" srcset=\"https:\/\/www.billy-montigny.fr\/site\/wp-content\/uploads\/2022\/04\/2.6-Avis-Chambre-dAgriculture-212x300.jpg 212w, https:\/\/www.billy-montigny.fr\/site\/wp-content\/uploads\/2022\/04\/2.6-Avis-Chambre-dAgriculture-724x1024.jpg 724w, https:\/\/www.billy-montigny.fr\/site\/wp-content\/uploads\/2022\/04\/2.6-Avis-Chambre-dAgriculture-768x1086.jpg 768w, https:\/\/www.billy-montigny.fr\/site\/wp-content\/uploads\/2022\/04\/2.6-Avis-Chambre-dAgriculture-1086x1536.jpg 1086w, https:\/\/www.billy-montigny.fr\/site\/wp-content\/uploads\/2022\/04\/2.6-Avis-Chambre-dAgriculture-283x400.jpg 283w, https:\/\/www.billy-montigny.fr\/site\/wp-content\/uploads\/2022\/04\/2.6-Avis-Chambre-dAgriculture-1170x1655.jpg 1170w, https:\/\/www.billy-montigny.fr\/site\/wp-content\/uploads\/2022\/04\/2.6-Avis-Chambre-dAgriculture-380x538.jpg 380w, https:\/\/www.billy-montigny.fr\/site\/wp-content\/uploads\/2022\/04\/2.6-Avis-Chambre-dAgriculture-78x110.jpg 78w, https:\/\/www.billy-montigny.fr\/site\/wp-content\/uploads\/2022\/04\/2.6-Avis-Chambre-dAgriculture.jpg 1240w\" sizes=\"auto, (max-width: 155px) 100vw, 155px\" \/><\/a><figcaption id=\"caption-attachment-3713\" class=\"wp-caption-text\">2.6 Avis Chambre d&rsquo;Agriculture<\/figcaption><\/figure>\n<figure id=\"attachment_3714\" aria-describedby=\"caption-attachment-3714\" style=\"width: 155px\" class=\"wp-caption aligncenter\"><a href=\"https:\/\/www.billy-montigny.fr\/site\/wp-content\/uploads\/2022\/04\/2.7-Avis-SCOT.pdf\" target=\"_blank\" rel=\"noopener\"><img loading=\"lazy\" decoding=\"async\" class=\"wp-image-3714\" src=\"https:\/\/www.billy-montigny.fr\/site\/wp-content\/uploads\/2022\/04\/2.7-Avis-SCOT-212x300.jpg\" alt=\"\" width=\"155\" height=\"219\" srcset=\"https:\/\/www.billy-montigny.fr\/site\/wp-content\/uploads\/2022\/04\/2.7-Avis-SCOT-212x300.jpg 212w, https:\/\/www.billy-montigny.fr\/site\/wp-content\/uploads\/2022\/04\/2.7-Avis-SCOT-724x1024.jpg 724w, https:\/\/www.billy-montigny.fr\/site\/wp-content\/uploads\/2022\/04\/2.7-Avis-SCOT-768x1086.jpg 768w, https:\/\/www.billy-montigny.fr\/site\/wp-content\/uploads\/2022\/04\/2.7-Avis-SCOT-1086x1536.jpg 1086w, https:\/\/www.billy-montigny.fr\/site\/wp-content\/uploads\/2022\/04\/2.7-Avis-SCOT-283x400.jpg 283w, https:\/\/www.billy-montigny.fr\/site\/wp-content\/uploads\/2022\/04\/2.7-Avis-SCOT-1170x1655.jpg 1170w, https:\/\/www.billy-montigny.fr\/site\/wp-content\/uploads\/2022\/04\/2.7-Avis-SCOT-380x538.jpg 380w, https:\/\/www.billy-montigny.fr\/site\/wp-content\/uploads\/2022\/04\/2.7-Avis-SCOT-78x110.jpg 78w, https:\/\/www.billy-montigny.fr\/site\/wp-content\/uploads\/2022\/04\/2.7-Avis-SCOT.jpg 1240w\" sizes=\"auto, (max-width: 155px) 100vw, 155px\" \/><\/a><figcaption id=\"caption-attachment-3714\" class=\"wp-caption-text\">2.7 Avis SCOT<\/figcaption><\/figure>\n<figure id=\"attachment_3715\" aria-describedby=\"caption-attachment-3715\" style=\"width: 155px\" class=\"wp-caption aligncenter\"><a href=\"https:\/\/www.billy-montigny.fr\/site\/wp-content\/uploads\/2022\/04\/2.8-Deliberation-modalites-de-mise-a-disposition-du-public.pdf\" target=\"_blank\" rel=\"noopener\"><img loading=\"lazy\" decoding=\"async\" class=\"wp-image-3715\" src=\"https:\/\/www.billy-montigny.fr\/site\/wp-content\/uploads\/2022\/04\/2.8-Deliberation-modalites-de-mise-a-disposition-du-public-212x300.jpg\" alt=\"\" width=\"155\" height=\"219\" srcset=\"https:\/\/www.billy-montigny.fr\/site\/wp-content\/uploads\/2022\/04\/2.8-Deliberation-modalites-de-mise-a-disposition-du-public-212x300.jpg 212w, https:\/\/www.billy-montigny.fr\/site\/wp-content\/uploads\/2022\/04\/2.8-Deliberation-modalites-de-mise-a-disposition-du-public-725x1024.jpg 725w, https:\/\/www.billy-montigny.fr\/site\/wp-content\/uploads\/2022\/04\/2.8-Deliberation-modalites-de-mise-a-disposition-du-public-768x1085.jpg 768w, https:\/\/www.billy-montigny.fr\/site\/wp-content\/uploads\/2022\/04\/2.8-Deliberation-modalites-de-mise-a-disposition-du-public-1087x1536.jpg 1087w, https:\/\/www.billy-montigny.fr\/site\/wp-content\/uploads\/2022\/04\/2.8-Deliberation-modalites-de-mise-a-disposition-du-public-283x400.jpg 283w, https:\/\/www.billy-montigny.fr\/site\/wp-content\/uploads\/2022\/04\/2.8-Deliberation-modalites-de-mise-a-disposition-du-public-1170x1653.jpg 1170w, https:\/\/www.billy-montigny.fr\/site\/wp-content\/uploads\/2022\/04\/2.8-Deliberation-modalites-de-mise-a-disposition-du-public-380x537.jpg 380w, https:\/\/www.billy-montigny.fr\/site\/wp-content\/uploads\/2022\/04\/2.8-Deliberation-modalites-de-mise-a-disposition-du-public-78x110.jpg 78w, https:\/\/www.billy-montigny.fr\/site\/wp-content\/uploads\/2022\/04\/2.8-Deliberation-modalites-de-mise-a-disposition-du-public.jpg 1211w\" sizes=\"auto, (max-width: 155px) 100vw, 155px\" \/><\/a><figcaption id=\"caption-attachment-3715\" class=\"wp-caption-text\">2.8 D\u00e9lib\u00e9ration modalit\u00e9s de mise \u00e0 disposition du public<\/figcaption><\/figure>\n<figure id=\"attachment_3727\" aria-describedby=\"caption-attachment-3727\" style=\"width: 155px\" class=\"wp-caption aligncenter\"><a href=\"https:\/\/www.billy-montigny.fr\/site\/wp-content\/uploads\/2022\/04\/2.9-Avis-PPA-Departement.pdf\"><img loading=\"lazy\" decoding=\"async\" class=\"wp-image-3727\" src=\"https:\/\/www.billy-montigny.fr\/site\/wp-content\/uploads\/2022\/04\/2.9-Avis-PPA-Departement-150x150.jpg\" alt=\"\" width=\"155\" height=\"219\" srcset=\"https:\/\/www.billy-montigny.fr\/site\/wp-content\/uploads\/2022\/04\/2.9-Avis-PPA-Departement-212x300.jpg 212w, https:\/\/www.billy-montigny.fr\/site\/wp-content\/uploads\/2022\/04\/2.9-Avis-PPA-Departement-724x1024.jpg 724w, https:\/\/www.billy-montigny.fr\/site\/wp-content\/uploads\/2022\/04\/2.9-Avis-PPA-Departement-768x1086.jpg 768w, https:\/\/www.billy-montigny.fr\/site\/wp-content\/uploads\/2022\/04\/2.9-Avis-PPA-Departement-1086x1536.jpg 1086w, https:\/\/www.billy-montigny.fr\/site\/wp-content\/uploads\/2022\/04\/2.9-Avis-PPA-Departement-283x400.jpg 283w, https:\/\/www.billy-montigny.fr\/site\/wp-content\/uploads\/2022\/04\/2.9-Avis-PPA-Departement-1170x1655.jpg 1170w, https:\/\/www.billy-montigny.fr\/site\/wp-content\/uploads\/2022\/04\/2.9-Avis-PPA-Departement-380x538.jpg 380w, https:\/\/www.billy-montigny.fr\/site\/wp-content\/uploads\/2022\/04\/2.9-Avis-PPA-Departement-78x110.jpg 78w, https:\/\/www.billy-montigny.fr\/site\/wp-content\/uploads\/2022\/04\/2.9-Avis-PPA-Departement.jpg 1240w\" sizes=\"auto, (max-width: 155px) 100vw, 155px\" \/><\/a><figcaption id=\"caption-attachment-3727\" class=\"wp-caption-text\">2.9 Avis PPA D\u00e9partement<\/figcaption><\/figure>\n","protected":false},"excerpt":{"rendered":"<p>Retrouver ci-dessous les documents relatifs \u00e0 la modification simplifi\u00e9e du Plan Local d&rsquo;Urbanisme. &nbsp;<\/p>\n","protected":false},"author":3,"featured_media":0,"parent":0,"menu_order":0,"comment_status":"closed","ping_status":"closed","template":"","meta":{"footnotes":""},"class_list":["post-3695","page","type-page","status-publish","hentry"],"publishpress_future_action":{"enabled":false,"date":"2026-05-07 16:14:38","action":"change-status","newStatus":"draft","terms":[],"taxonomy":"","extraData":[]},"publishpress_future_workflow_manual_trigger":{"enabledWorkflows":[]},"_links":{"self":[{"href":"https:\/\/www.billy-montigny.fr\/site\/wp-json\/wp\/v2\/pages\/3695","targetHints":{"allow":["GET"]}}],"collection":[{"href":"https:\/\/www.billy-montigny.fr\/site\/wp-json\/wp\/v2\/pages"}],"about":[{"href":"https:\/\/www.billy-montigny.fr\/site\/wp-json\/wp\/v2\/types\/page"}],"author":[{"embeddable":true,"href":"https:\/\/www.billy-montigny.fr\/site\/wp-json\/wp\/v2\/users\/3"}],"replies":[{"embeddable":true,"href":"https:\/\/www.billy-montigny.fr\/site\/wp-json\/wp\/v2\/comments?post=3695"}],"version-history":[{"count":5,"href":"https:\/\/www.billy-montigny.fr\/site\/wp-json\/wp\/v2\/pages\/3695\/revisions"}],"predecessor-version":[{"id":3731,"href":"https:\/\/www.billy-montigny.fr\/site\/wp-json\/wp\/v2\/pages\/3695\/revisions\/3731"}],"wp:attachment":[{"href":"https:\/\/www.billy-montigny.fr\/site\/wp-json\/wp\/v2\/media?parent=3695"}],"curies":[{"name":"wp","href":"https:\/\/api.w.org\/{rel}","templated":true}]}}