{"id":22,"date":"2016-12-06T10:35:23","date_gmt":"2016-12-06T09:35:23","guid":{"rendered":"http:\/\/wordpress.lxc\/billy-montigny\/?page_id=22"},"modified":"2018-02-02T11:41:41","modified_gmt":"2018-02-02T10:41:41","slug":"a-propos","status":"publish","type":"page","link":"https:\/\/www.billy-montigny.fr\/site\/a-propos\/","title":{"rendered":"\u00c0 propos"},"content":{"rendered":"<h2>Cr\u00e9dits<\/h2>\n<p>En vertu de l\u2019article 6 de la loi n\u00b02004-575 du 21 juin 2004 pour la confiance dans l\u2019\u00e9conomie num\u00e9rique, il est pr\u00e9cis\u00e9 aux utilisateurs du site billy-montigny.fr l\u2019identit\u00e9 des diff\u00e9rents intervenants dans le cadre de sa r\u00e9alisation et de son suivi :<\/p>\n<p><strong>R\u00e9alisation du site :<\/strong> <a href=\"http:\/\/www.cliss21.com\">Cliss XXI<\/a> &#8211; 23 avenue Jean Jaur\u00e8s &#8211; 62800 Li\u00e9vin<br \/>\n<strong>Responsable de la publication :<\/strong> M. Bruno Troni, Maire<br \/>\n<strong>H\u00e9bergeur :<\/strong> <a href=\"http:\/\/www.cliss21.com\">Cliss XXI<\/a> &#8211; 23 avenue Jean Jaur\u00e8s &#8211; 62800 Li\u00e9vin<\/p>\n<h2>Contenu<\/h2>\n<p>L\u2019ensemble de ce site rel\u00e8ve de la l\u00e9gislation fran\u00e7aise et internationale sur le droit d\u2019auteur et la propri\u00e9t\u00e9 intellectuelle. Toute reproduction totale ou partielle du contenu du site (textes, images, photographies, iconographies&#8230;) est donc interdite, sauf autorisation expresse du responsable de la publication.<\/p>\n<p>Le responsable de la publication ne peut \u00eatre tenu pour responsable de l\u2019interpr\u00e9tation et de l\u2019utilisation du contenu du site, ou de la nature du contenu des sites cibl\u00e9s par les liens sortants ou entrants.<\/p>\n<h2>Donn\u00e9es personnelles<\/h2>\n<p>Aucune information personnelle n\u2019est collect\u00e9e \u00e0 votre insu ni revendue ou c\u00e9d\u00e9e \u00e0 des tiers.<\/p>\n<p>Conform\u00e9ment \u00e0 l\u2019article 34 de la loi \u00ab Informatique et Libert\u00e9s \u00bb, vous disposez d\u2019un droit d\u2019acc\u00e8s, de modification, de rectification et de suppression des donn\u00e9es qui vous concernent que vous pourriez d\u00e9poser sur ce site. Vous pouvez l&rsquo;exercer aupr\u00e8s du responsable de la publication, par courrier, courriel ou en utilisant le formulaire de contact.<\/p>\n","protected":false},"excerpt":{"rendered":"<p>Cr\u00e9dits En vertu de l\u2019article 6 de la loi n\u00b02004-575 du 21 juin 2004 pour la confiance dans l\u2019\u00e9conomie num\u00e9rique, il est pr\u00e9cis\u00e9 aux utilisateurs du site billy-montigny.fr l\u2019identit\u00e9 des diff\u00e9rents intervenants dans le cadre de sa r\u00e9alisation et de son suivi : R\u00e9alisation du site : Cliss XXI &#8211; 23 avenue Jean Jaur\u00e8s &#8211; [&hellip;]<\/p>\n","protected":false},"author":1,"featured_media":0,"parent":0,"menu_order":0,"comment_status":"closed","ping_status":"closed","template":"","meta":{"footnotes":""},"class_list":["post-22","page","type-page","status-publish","hentry"],"publishpress_future_action":{"enabled":false,"date":"2026-05-06 20:54:34","action":"change-status","newStatus":"draft","terms":[],"taxonomy":"","extraData":[]},"publishpress_future_workflow_manual_trigger":{"enabledWorkflows":[]},"_links":{"self":[{"href":"https:\/\/www.billy-montigny.fr\/site\/wp-json\/wp\/v2\/pages\/22","targetHints":{"allow":["GET"]}}],"collection":[{"href":"https:\/\/www.billy-montigny.fr\/site\/wp-json\/wp\/v2\/pages"}],"about":[{"href":"https:\/\/www.billy-montigny.fr\/site\/wp-json\/wp\/v2\/types\/page"}],"author":[{"embeddable":true,"href":"https:\/\/www.billy-montigny.fr\/site\/wp-json\/wp\/v2\/users\/1"}],"replies":[{"embeddable":true,"href":"https:\/\/www.billy-montigny.fr\/site\/wp-json\/wp\/v2\/comments?post=22"}],"version-history":[{"count":3,"href":"https:\/\/www.billy-montigny.fr\/site\/wp-json\/wp\/v2\/pages\/22\/revisions"}],"predecessor-version":[{"id":854,"href":"https:\/\/www.billy-montigny.fr\/site\/wp-json\/wp\/v2\/pages\/22\/revisions\/854"}],"wp:attachment":[{"href":"https:\/\/www.billy-montigny.fr\/site\/wp-json\/wp\/v2\/media?parent=22"}],"curies":[{"name":"wp","href":"https:\/\/api.w.org\/{rel}","templated":true}]}}

À propos

<h2>Crédits</h2>
<p>En vertu de l’article 6 de la loi n°2004-575 du 21 juin 2004 pour la confiance dans l’économie numérique, il est précisé aux utilisateurs du site billy-montigny.fr l’identité des différents intervenants dans le cadre de sa réalisation et de son suivi :</p>
<p><strong>Réalisation du site :</strong> <a href="http://www.cliss21.com">Cliss XXI</a> &#8211; 23 avenue Jean Jaurès &#8211; 62800 Liévin<br />
<strong>Responsable de la publication :</strong> M. Bruno Troni, Maire<br />
<strong>Hébergeur :</strong> <a href="http://www.cliss21.com">Cliss XXI</a> &#8211; 23 avenue Jean Jaurès &#8211; 62800 Liévin</p>
<h2>Contenu</h2>
<p>L’ensemble de ce site relève de la législation française et internationale sur le droit d’auteur et la propriété intellectuelle. Toute reproduction totale ou partielle du contenu du site (textes, images, photographies, iconographies&#8230;) est donc interdite, sauf autorisation expresse du responsable de la publication.</p>
<p>Le responsable de la publication ne peut être tenu pour responsable de l’interprétation et de l’utilisation du contenu du site, ou de la nature du contenu des sites ciblés par les liens sortants ou entrants.</p>
<h2>Données personnelles</h2>
<p>Aucune information personnelle n’est collectée à votre insu ni revendue ou cédée à des tiers.</p>
<p>Conformément à l’article 34 de la loi « Informatique et Libertés », vous disposez d’un droit d’accès, de modification, de rectification et de suppression des données qui vous concernent que vous pourriez déposer sur ce site. Vous pouvez l&rsquo;exercer auprès du responsable de la publication, par courrier, courriel ou en utilisant le formulaire de contact.</p>

<p>Crédits En vertu de l’article 6 de la loi n°2004-575 du 21 juin 2004 pour la confiance dans l’économie numérique, il est précisé aux utilisateurs du site billy-montigny.fr l’identité des différents intervenants dans le cadre de sa réalisation et de son suivi : Réalisation du site : Cliss XXI &#8211; 23 avenue Jean Jaurès &#8211; [&hellip;]</p>
