{"id":1029,"date":"2018-03-29T16:03:20","date_gmt":"2018-03-29T14:03:20","guid":{"rendered":"https:\/\/www.billy-montigny.fr\/site\/?page_id=1029"},"modified":"2024-12-13T11:10:06","modified_gmt":"2024-12-13T10:10:06","slug":"associations","status":"publish","type":"page","link":"https:\/\/www.billy-montigny.fr\/site\/vivre-a-billy-montigny\/associations\/","title":{"rendered":"Associations"},"content":{"rendered":"<h3>Solidarit\u00e9<\/h3>\n<h5 class=\"spip\">Comit\u00e9 local du Secours Populaire Fran\u00e7ais<\/h5>\n<p><strong>Adresse<\/strong><br \/>\nRue Nobel<br \/>\nzone Eurobilly<br \/>\n62420 Billy-Montigny<\/p>\n<p><strong>Responsable<\/strong><br \/>\nRobert Krzyzaniak<br \/>\n69 route de M\u00e9ricourt<br \/>\n62420 Billy-Montigny<\/p>\n<p>&nbsp;<\/p>\n<h5 class=\"spip\">Les Restos du C\u0153ur<\/h5>\n<p><strong>Adresse<\/strong><br \/>\nRue Nobel<br \/>\nZone Eurobilly<br \/>\n62420 Billy-Montigny<\/p>\n<p><strong>Responsable<\/strong><br \/>\nPhilippe Pecqueur<br \/>\n36 rue Gambetta<br \/>\n62420 Billy-Montigny<br \/>\nTel : 03.21.76.88.84<\/p>\n<p>&nbsp;<\/p>\n<h5 class=\"spip\">La Colombe de la Paix<\/h5>\n<p><strong>Adresse<\/strong><br \/>\nRue de la Marne<br \/>\nCit\u00e9 Pi\u00e9rard<\/p>\n<h3><\/h3>\n<h3>Sant\u00e9<\/h3>\n<h5 class=\"spip\">A.P.E.D.Y.S. Association d\u2019adultes et de parents d\u2019enfants dyslexiques<\/h5>\n<p><strong>Responsable<\/strong><br \/>\nMartine REDINGER<br \/>\n37 rue Etienne Dolet<br \/>\n62420 Billy-Montigny<br \/>\nT\u00e9l\u00a0: 06.07.13.97.13 ou 03.21.76.58.14<br \/>\nMail\u00a0: apedys62@wanadoo.fr<\/p>\n<p>Accompagnement des familles, enfants et adultes, aupr\u00e8s des institutions. Conseil et \u00e9change pratique, r\u00e9unions.<\/p>\n<p>&nbsp;<\/p>\n","protected":false},"excerpt":{"rendered":"<p>Solidarit\u00e9 Comit\u00e9 local du Secours Populaire Fran\u00e7ais Adresse Rue Nobel zone Eurobilly 62420 Billy-Montigny Responsable Robert Krzyzaniak 69 route de M\u00e9ricourt 62420 Billy-Montigny &nbsp; Les Restos du C\u0153ur Adresse Rue Nobel Zone Eurobilly 62420 Billy-Montigny Responsable Philippe Pecqueur 36 rue Gambetta 62420 Billy-Montigny Tel : 03.21.76.88.84 &nbsp; La Colombe de la Paix Adresse Rue de [&hellip;]<\/p>\n","protected":false},"author":3,"featured_media":0,"parent":82,"menu_order":0,"comment_status":"closed","ping_status":"closed","template":"","meta":{"footnotes":""},"class_list":["post-1029","page","type-page","status-publish","hentry"],"publishpress_future_action":{"enabled":false,"date":"2026-04-27 10:08:53","action":"change-status","newStatus":"draft","terms":[],"taxonomy":"","extraData":[]},"publishpress_future_workflow_manual_trigger":{"enabledWorkflows":[]},"_links":{"self":[{"href":"https:\/\/www.billy-montigny.fr\/site\/wp-json\/wp\/v2\/pages\/1029","targetHints":{"allow":["GET"]}}],"collection":[{"href":"https:\/\/www.billy-montigny.fr\/site\/wp-json\/wp\/v2\/pages"}],"about":[{"href":"https:\/\/www.billy-montigny.fr\/site\/wp-json\/wp\/v2\/types\/page"}],"author":[{"embeddable":true,"href":"https:\/\/www.billy-montigny.fr\/site\/wp-json\/wp\/v2\/users\/3"}],"replies":[{"embeddable":true,"href":"https:\/\/www.billy-montigny.fr\/site\/wp-json\/wp\/v2\/comments?post=1029"}],"version-history":[{"count":19,"href":"https:\/\/www.billy-montigny.fr\/site\/wp-json\/wp\/v2\/pages\/1029\/revisions"}],"predecessor-version":[{"id":5613,"href":"https:\/\/www.billy-montigny.fr\/site\/wp-json\/wp\/v2\/pages\/1029\/revisions\/5613"}],"up":[{"embeddable":true,"href":"https:\/\/www.billy-montigny.fr\/site\/wp-json\/wp\/v2\/pages\/82"}],"wp:attachment":[{"href":"https:\/\/www.billy-montigny.fr\/site\/wp-json\/wp\/v2\/media?parent=1029"}],"curies":[{"name":"wp","href":"https:\/\/api.w.org\/{rel}","templated":true}]}}